hat is 365116 - 4?
365112
In base 16, what is -2f - a49d?
-a4cc
In base 14, what is 34 + -bdd?
-ba9
In base 3, what is 100121102 - 12?
100121020
In base 5, what is 11430243 + -1?
11430242
In base 12, what is -1689 + 19a?
-14ab
In base 2, what is -11001110100110 + 1110?
-11001110011000
In base 9, what is 250167 + 0?
250167
In base 15, what is 1 + -33b5?
-33b4
In base 3, what is -10001212200 + -1001?
-10001220201
In base 13, what is 14a2 + 3?
14a5
In base 15, what is b18ae + 1?
b18b0
In base 6, what is 1245 + 10?
1255
In base 8, what is -30276 - 1?
-30277
In base 11, what is 94 + -2673?
-258a
In base 9, what is -58525 - -2?
-58523
In base 2, what is -10000011101101 + 10101?
-10000011011000
In base 13, what is -1 - -276c70?
276c6c
In base 11, what is -1 - 297788?
-297789
In base 2, what is -101100001010100 - -1?
-101100001010011
In base 8, what is -374 + 31?
-343
In base 10, what is -13957 + 2?
-13955
In base 15, what is 3ccc5 - -5?
3ccca
In base 13, what is -13c73c + -4?
-13c743
In base 3, what is 1210201011011 - 1?
1210201011010
In base 8, what is 4 + -52177?
-52173
In base 4, what is 1 - 332102003?
-332102002
In base 14, what is 0 + 38962?
38962
In base 15, what is 43e - 485?
-46
In base 10, what is 20462 + 2?
20464
In base 10, what is -88 - -86?
-2
In base 2, what is -1010110011110 - 11001?
-1010110110111
In base 3, what is 1212200201 - 11?
1212200120
In base 6, what is 2 + 142053?
142055
In base 15, what is -3 + -11a27?
-11a2a
In base 9, what is 0 - 34341?
-34341
In base 4, what is -102 + -210222021?
-210222123
In base 4, what is 1103 - 201?
302
In base 9, what is -1261 + -12?
-1273
In base 16, what is -2d2 - 35?
-307
In base 2, what is -101111000000110 + 10?
-101111000000100
In base 11, what is 25696 - 3?
25693
In base 16, what is 8 + -26fa?
-26f2
In base 15, what is d0b - -69?
d75
In base 12, what is 4 + 1752b?
17533
In base 16, what is 1f8af + -5?
1f8aa
In base 10, what is -2 - -8774?
8772
In base 9, what is 34 - -67?
112
In base 2, what is -111110011101 + -111111?
-111111011100
In base 16, what is -283 + 1bf?
-c4
In base 16, what is -2 + 37e9?
37e7
In base 3, what is 21002011 - 101?
21001210
In base 11, what is -1913 + -967?
-277a
In base 10, what is 614 + -1138?
-524
In base 9, what is 535 + 284?
830
In base 11, what is 77 + -4940?
-4874
In base 2, what is 11011 + 1000110100011010101?
1000110100011110000
In base 10, what is -6829 + -134?
-6963
In base 11, what is 44 - -a025?
a069
In base 6, what is -1522 + 3113?
1151
In base 10, what is -5 + 17439?
17434
In base 7, what is 116 - -10164?
10313
In base 15, what is 0 + -e63e?
-e63e
In base 12, what is 5 - 33abb?
-33ab6
In base 7, what is 2616 - 212?
2404
In base 7, what is 1061 + 3302?
4363
In base 15, what is 5d - 1c0a?
-1b9c
In base 9, what is -24734 - 6?
-24741
In base 14, what is -2 - 23a6?
-23a8
In base 11, what is -a - 3935?
-3944
In base 7, what is 12 + 213553?
213565
In base 8, what is 235623 - -3?
235626
In base 13, what is -60 - 107?
-167
In base 7, what is 1512 + 541?
2353
In base 16, what is 12 - 6be?
-6ac
In base 15, what is -1019 - 20?
-1039
In base 15, what is -10cb4b + -5?
-10cb51
In base 11, what is 8 + 1300?
1308
In base 7, what is 14 - 354415?
-354401
In base 9, what is 1108 + 0?
1108
In base 9, what is -3 + 6688?
6685
In base 16, what is -d + 7d9?
7cc
In base 4, what is -10232002 - 32?
-10232100
In base 15, what is 0 + -2d80?
-2d80
In base 5, what is -11 + -123102?
-123113
In base 5, what is -3340 - -1001?
-2334
In base 7, what is -54 - -2334?
2250
In base 11, what is -239 - 369?
-5a7
In base 5, what is -12243 + -20?
-12313
In base 8, what is 122130 - 3?
122125
In base 9, what is -220687 + 5?
-220682
In base 2, what is -10000 - 10111000001?
-10111010001
In base 3, what is -11 - -12100021?
12100010
In base 14, what is 0 + 1317?
1317
In base 5, what is -13020 - -1133?
-11332
In base 10, what is 1498751 + 5?
1498756
In base 13, what is -15a5 + 1?
-15a4
In base 5, what is -423102 - 421?
-424023
In base 12, what is -715 + -143?
-858
In base 16, what is -30 + 45?
15
In base 10, what is -730471 + 4?
-730467
In base 10, what is 4 - 68635?
-68631
In base 12, what is 4 - -38a670?
38a674
In base 4, what is 321310000 - 11?
321303323
In base 6, what is 3055 - -33502?
41001
In base 9, what is -11 - 28662?
-28673
In base 5, what is -2 - -41204?
41202
In base 5, what is -2313033 - 10?
-2313043
In base 12, what is -8832 - 48?
-887a
In base 4, what is -131321021 + -3?
-131321030
In base 16, what is 1 + -eb6a2?
-eb6a1
In base 9, what is -32 + 42707?
42665
In base 12, what is -33055 - -1?
-33054
In base 15, what is 2e8a - 3?
2e87
In base 2, what is -1001110111110 - -10111?
-1001110100111
In base 15, what is -a + -1125?
-1130
In base 14, what is 15 + 2779?
2790
In base 12, what is 1 - 991a6?
-991a5
In base 3, what is 210111 + 2120?
220001
In base 15, what is 12dd37 + 3?
12dd3a
In base 14, what is -29 - -91?
66
In base 3, what is -120122 + 122102?
1210
In base 4, what is 22 - 122233102?
-122233020
In base 9, what is 4 + -662741?
-662736
In base 8, what is 1647 + 273?
2142
In base 8, what is 1776 + -132?
1644
In base 3, what is 2 - -101021110?
101021112
In base 6, what is 1540 - 1041?
455
In base 15, what is -1003 + 1?
-1002
In base 4, what is -1011331 + -320?
-1012311
In base 2, what is 110100010111101 - -1?
110100010111110
In base 2, what is -11101111 + -1001011110?
-1101001101
In base 4, what is 0 - -110113130?
110113130
In base 10, what is -4066 - -3?
-4063
In base 7, what is 12045244 - 0?
12045244
In base 13, what is 3886a9 - 2?
3886a7
In base 12, what is -1603 - 24?
-1627
In base 5, what is -31 + -11213?
-11244
In base 2, what is -1000111000011101 - 1?
-1000111000011110
In base 13, what is 3a402 + 1?
3a403
In base 5, what is 1200 + -242?
403
In base 2, what is -100110110 - -100101100010?
100000101100
In base 3, what is 11 + -2112022211?
-2112022200
In base 11, what is -354127 - 0?
-354127
In base 12, what is -34371b - 4?
-343723
In base 7, what is 1102 - -1533?
2635
In base 12, what is -3 + 294b7?
294b4
In base 15, what is 16d9 - 2?
16d7
In base 9, what is -3 - -172420?
172416
In base 15, what is 1e007 + 8?
1e010
In base 12, what is 255 + 126?
37b
In base 16, what is -4856 - -b?
-484b
In base 11, what is 1 + 173a3?
173a4
In base 14, what is -2b96 + 16b?
-2a29
In base 13, what is -52995 + -4?
-52999
In base 11, what is -114929 + 2?
-114927
In base 11, what is -87303 - 1?
-87304
In base 9, what is 14365 - -13?
14378
In base 15, what is -2b8464 + -3?
-2b8467
In base 6, what is -5005 - 42?
-5051
In base 13, what is 4 - -16a81?
16a85
In base 2, what is -10 - -110101110101100010?
110101110101100000
In base 11, what is -5 - 1464?
-1469
In base 14, what is -141b5 + -5?
-141ba
In base 9, what is 2 + -3411?
-3408
In base 13, what is 2 - -185782?
185784
In base 6, what is 134012 + -4?
134004
In base 14, what is -4402 - 2?
-4404
In base 6, what is -241302 - -11?
-241251
In base 16, what is 38 - 28?
10
In base 5, what is -100 + -10344342?
-10344442
In base 6, what is -1523 + -5424?
-11351
In base 7, what is 64143 - 624?
63216
In base 16, what is -b74b - -2?
-b749
In base 11, what is 17 + -11353?
-11337
In base 7, what is -164600 + 2?
-164565
In base 8, what is 352042 - -2?
352044
In base 11, what is 25aa75 - 3?
25aa72
In base 15, what is 24c - 16?
236
In base 4, what is -31103232 + -2?
-31103300
In base 14, what is -5298 - 2?
-529a
In base 15, what is 8edb + -14?
8ec7
In base 13, what is -1884b + 2?
-18849
In base 13, what is 19960 + 6?
19966
In base 14, what is 268 - -2c?
296
In base 5, what is -3 - 2003201?
-2003204
In base 3, what is -2221021110 + 12?
-2221021021
In base 10, what is 1 - -12447?
12448
In base 4, what is -3 - -3002301?
3002232
In base 10, what is 12972 + 156?
13128
In base 3, what is 0 + -11212200?
-11212200
In base 3, what is 10012202 + 200?
10020102
In base 5, what is 0 - 2131033?
-2131033
In base 14, what is 2 + -7983b?
-79839
In base 9, what is -175 - 1403?
-1578
In base 4, what is 1120122 - -11?
1120133
In base 14, what is 70d87 + -2?
70d85
In base 4, what is -3 - 3223012?
-3223021
In base 10, what is -20 - -10322?
10302
In base 15, what is 982 - 27?
95a
In base 6, what is 1 + -3005230?
-3005225
In base 12, what is 8 + -2a007b?
-2a0073
In base 11, what is 10867a - 0?
1086